{"id":169,"date":"2022-06-30T16:35:06","date_gmt":"2022-06-30T14:35:06","guid":{"rendered":"https:\/\/foilinlove.fr\/?page_id=169"},"modified":"2022-06-30T16:35:06","modified_gmt":"2022-06-30T14:35:06","slug":"mentions-legales-2","status":"publish","type":"page","link":"https:\/\/center-cleanride.fr\/?page_id=169","title":{"rendered":"Mentions l\u00e9gales"},"content":{"rendered":"<p>[et_pb_section fb_built=&#8221;1&#8243; next_background_color=&#8221;#ffffff&#8221; admin_label=&#8221;Header&#8221; _builder_version=&#8221;4.17.4&#8243; _module_preset=&#8221;default&#8221; background_enable_color=&#8221;off&#8221; background_image=&#8221;http:\/\/foilinlove.fr\/wp-content\/uploads\/2022\/06\/foil-in-love-1.jpeg&#8221; background_position=&#8221;top_center&#8221; background_enable_mask_style=&#8221;on&#8221; background_mask_style=&#8221;paint&#8221; background_mask_transform=&#8221;flip_vertical|rotate_90_degree|invert|flip_horizontal&#8221; background_mask_aspect_ratio=&#8221;portrait&#8221; custom_margin=&#8221;||-1px||false|false&#8221; custom_padding=&#8221;1px||255px|||&#8221; bottom_divider_style=&#8221;wave2&#8243; bottom_divider_height=&#8221;282px&#8221; bottom_divider_repeat=&#8221;1x&#8221; bottom_divider_flip=&#8221;horizontal&#8221; background_last_edited=&#8221;on|phone&#8221; background_position_phone=&#8221;bottom_left&#8221; global_colors_info=&#8221;{}&#8221;][et_pb_row _builder_version=&#8221;4.16&#8243; _module_preset=&#8221;default&#8221; max_width=&#8221;none&#8221; global_colors_info=&#8221;{}&#8221;][et_pb_column type=&#8221;4_4&#8243; _builder_version=&#8221;4.16&#8243; _module_preset=&#8221;default&#8221; global_colors_info=&#8221;{}&#8221;][et_pb_social_media_follow icon_color=&#8221;#FFFFFF&#8221; _builder_version=&#8221;4.17.4&#8243; _module_preset=&#8221;default&#8221; custom_margin=&#8221;3px|||-10px|false|false&#8221; global_colors_info=&#8221;{}&#8221;][et_pb_social_media_follow_network social_network=&#8221;facebook&#8221; url=&#8221;https:\/\/www.facebook.com\/EFoilinlove&#8221; _builder_version=&#8221;4.17.4&#8243; _module_preset=&#8221;default&#8221; background_enable_color=&#8221;off&#8221; global_colors_info=&#8221;{}&#8221; follow_button=&#8221;off&#8221; url_new_window=&#8221;on&#8221;]facebook[\/et_pb_social_media_follow_network][et_pb_social_media_follow_network social_network=&#8221;instagram&#8221; url=&#8221;https:\/\/www.instagram.com\/foil_in_love\/&#8221; _builder_version=&#8221;4.17.4&#8243; _module_preset=&#8221;default&#8221; background_color=&#8221;#ea2c59&#8243; background_enable_color=&#8221;off&#8221; global_colors_info=&#8221;{}&#8221; follow_button=&#8221;off&#8221; url_new_window=&#8221;on&#8221;]instagram[\/et_pb_social_media_follow_network][\/et_pb_social_media_follow][et_pb_text _builder_version=&#8221;4.17.4&#8243; _module_preset=&#8221;default&#8221; text_font=&#8221;heaters||||||||&#8221; header_font=&#8221;heaters|500|on|on|||||&#8221; header_text_color=&#8221;#FFFFFF&#8221; header_font_size=&#8221;12vw&#8221; header_line_height=&#8221;0.7em&#8221; header_font_size_tablet=&#8221;&#8221; header_font_size_phone=&#8221;&#8221; header_font_size_last_edited=&#8221;on|tablet&#8221; global_colors_info=&#8221;{%22gcid-5fba0126-308f-4f42-aa94-6c5d80831bca%22:%91%93}&#8221;]<\/p>\n<h1>Mentions LEgales<\/h1>\n<p>[\/et_pb_text][\/et_pb_column][\/et_pb_row][\/et_pb_section][et_pb_section fb_built=&#8221;1&#8243; admin_label=&#8221;Info&#8221; _builder_version=&#8221;4.17.4&#8243; _module_preset=&#8221;default&#8221; background_image=&#8221;http:\/\/foilinlove.fr\/wp-content\/uploads\/2022\/06\/tennis-club-031.png&#8221; custom_padding=&#8221;5px|||||&#8221; global_colors_info=&#8221;{}&#8221;][et_pb_row _builder_version=&#8221;4.16&#8243; _module_preset=&#8221;default&#8221; custom_padding=&#8221;||27px|||&#8221; global_colors_info=&#8221;{}&#8221;][et_pb_column type=&#8221;4_4&#8243; _builder_version=&#8221;4.16&#8243; _module_preset=&#8221;default&#8221; global_colors_info=&#8221;{}&#8221;][et_pb_text _builder_version=&#8221;4.17.4&#8243; _module_preset=&#8221;default&#8221; text_font=&#8221;Syncopate|700|||||||&#8221; text_text_color=&#8221;#000000&#8243; text_font_size=&#8221;12px&#8221; text_line_height=&#8221;2.2em&#8221; text_orientation=&#8221;center&#8221; max_width=&#8221;800px&#8221; module_alignment=&#8221;center&#8221; text_font_size_tablet=&#8221;15px&#8221; text_font_size_phone=&#8221;14px&#8221; text_font_size_last_edited=&#8221;on|desktop&#8221; locked=&#8221;off&#8221; global_colors_info=&#8221;{}&#8221;]<\/p>\n<p class=\"p1\" style=\"text-align: left;\">Nom ou Raison sociale : Foil in love<br \/>Adresse du si\u00e8ge social : 11 place de l artisanat 83630 les salles sur verdon<br \/>Adresse \u00e9lectronique\u00a0: efoilinlove@gmail.com<br \/>T\u00e9l\u00e9phone : <a data-dtype=\"d3ph\" data-local-attribute=\"d3ph\" jscontroller=\"LWZElb\" href=\"https:\/\/www.google.com\/search?q=foil+in+love&amp;client=safari&amp;rls=en&amp;sxsrf=ALiCzsbkjz7-e2MtsemDNK-AP23IXLI_iQ%3A1656596486583&amp;ei=Bqi9YriWI4msaYutgdAM&amp;ved=0ahUKEwi4sfnoptX4AhUJVhoKHYtWAMoQ4dUDCA0&amp;uact=5&amp;oq=foil+in+love&amp;gs_lcp=Cgdnd3Mtd2l6EAMyBAgjECcyBAgjECcyBAgjECcyBQgAEMsBMgoIABAeEA8QBRAKMggIABAeEA8QBTIGCAAQHhAIMgYIABAeEAgyBggAEB4QCDIICAAQHhAPEAg6BwgAEEcQsAM6BwgjELACECc6BggAEB4QDToMCAAQHhAPEA0QBRAKOgoIABAeEA8QDRAFOgYIABAeEAc6CAgAEB4QCBAHOgoIABAeEAgQBxAKOgoIABAeEA8QCBAHOgwIABAeEA8QBxAFEAo6CggAEB4QDxAHEAVKBAhBGABKBAhGGABQtQNY2gtgoxFoAXABeACAAbIBiAGyA5IBAzEuMpgBAKABAcgBCMABAQ&amp;sclient=gws-wiz#\" jsdata=\"QKGTRc;_;B25Ibw\" jsaction=\"rcuQ6b:npT2md;F75qrd\" data-ved=\"2ahUKEwirlpXsptX4AhUV04UKHZxsC84QkAgoAHoECGEQAw\"><span><span aria-label=\"Appeler le 06 67 22 32 52\">06 67 22 32 52<\/span><\/span><\/a><br \/>N\u00b0 SIRET : <span>91245807200010<\/span><\/p>\n<p style=\"text-align: left;\">\n<p style=\"text-align: left;\">\n<p style=\"text-align: left;\"><strong>Directeur de r\u00e9daction et de publication :\u00a0<\/strong><br \/>Foil in love<\/p>\n<p style=\"text-align: left;\">\n<p style=\"text-align: left;\">\n<p style=\"text-align: left;\"><strong>Conception et r\u00e9alisation du site :<\/strong><br \/>SDW Consulting<br \/>835 Avenue de La Croix d\u2019Or<br \/>13320 Bouc-Bel-Air<br \/>N\u00b0 SIRET\u00a0:\u00a0529 000 457 00026<\/p>\n<p style=\"text-align: left;\">\n<p style=\"text-align: left;\">\n<p style=\"text-align: left;\"><strong>L\u2019h\u00e9bergement est assur\u00e9 par\u00a0:<\/strong><br \/>Nom ou Raison sociale\u00a0: SDW Consulting<\/p>\n<p style=\"text-align: left;\">\n<p style=\"text-align: left;\">\n<p style=\"text-align: left;\"><strong>Donn\u00e9es personnelles<\/strong><br \/>Le\u00a0site ne demande pas d\u2019enregistrement nominatif \u00e0 ses visiteurs et ne proc\u00e8de \u00e0 aucun enregistrement\u00a0nominatif pour la simple consultation de ses pages.<\/p>\n<p style=\"text-align: left;\">\n<p style=\"text-align: left;\">\n<p style=\"text-align: left;\"><strong>Droits de propri\u00e9t\u00e9 intellectuelle<\/strong><br \/>Le site Web est prot\u00e9g\u00e9 par les droits de propri\u00e9t\u00e9 intellectuelle et est la propri\u00e9t\u00e9 exclusive de Foil in love. La conception, le graphisme, le contenu, l\u2019organisation de ce site sont des\u00a0\u0153uvres originales et sont l\u2019enti\u00e8re propri\u00e9t\u00e9 de Foil in love. Toute reproduction, ou\u00a0d\u00e9marquage, total ou partiel, fait sans le consentement de l\u2019auteur, ou de ses ayants droit, ou de ses ayants\u00a0cause est illicite. Il en est de m\u00eame pour la traduction, l\u2019adaptation, l\u2019arrangement par quelque proc\u00e9d\u00e9 que<br \/>ce soit (Loi 57298 du 11 mars 1957).<\/p>\n<p style=\"text-align: left;\">\n<p style=\"text-align: left;\">\n<p style=\"text-align: left;\"><strong>Exon\u00e9ration de responsabilit\u00e9<\/strong><br \/>Il appartient \u00e0 l\u2019utilisateur de ce site de prendre toutes les mesures appropri\u00e9es de fa\u00e7on \u00e0 prot\u00e9ger ses\u00a0propres donn\u00e9es et\/ou logiciels de contamination par d\u2019\u00e9ventuels virus circulant sur le r\u00e9seau Internet.<\/p>\n<p style=\"text-align: left;\">\n<p style=\"text-align: left;\">\n<p style=\"text-align: left;\">Foil in love s\u2019assure de l\u2019exactitude des informations communiqu\u00e9es sur le site sans que sa\u00a0responsabilit\u00e9 puisse pour autant \u00eatre engag\u00e9e.<\/p>\n<p style=\"text-align: left;\">\n<p style=\"text-align: left;\">\n<p style=\"text-align: left;\"><strong>Conditions d\u2019utilisation et modification du site<\/strong><br \/>Foil in love se r\u00e9serve le droit de modifier, corriger ou mettre \u00e0 jour le contenu de ce site et\u00a0de cette mention l\u00e9gale \u00e0 tout moment et ceci sans pr\u00e9avis.<\/p>\n<p>[\/et_pb_text][\/et_pb_column][\/et_pb_row][\/et_pb_section]<\/p>\n","protected":false},"excerpt":{"rendered":"<p>Mentions LEgalesNom ou Raison sociale : Foil in loveAdresse du si\u00e8ge social : 11 place de l artisanat 83630 les salles sur verdonAdresse \u00e9lectronique\u00a0: efoilinlove@gmail.comT\u00e9l\u00e9phone : 06 67 22 32 52N\u00b0 SIRET : 91245807200010 Directeur de r\u00e9daction et de publication :\u00a0Foil in love Conception et r\u00e9alisation du site :SDW Consulting835 Avenue de La Croix d\u2019Or13320 [&hellip;]<\/p>\n","protected":false},"author":1,"featured_media":0,"parent":0,"menu_order":0,"comment_status":"closed","ping_status":"closed","template":"","meta":{"_et_pb_use_builder":"on","_et_pb_old_content":"","_et_gb_content_width":""},"_links":{"self":[{"href":"https:\/\/center-cleanride.fr\/index.php?rest_route=\/wp\/v2\/pages\/169"}],"collection":[{"href":"https:\/\/center-cleanride.fr\/index.php?rest_route=\/wp\/v2\/pages"}],"about":[{"href":"https:\/\/center-cleanride.fr\/index.php?rest_route=\/wp\/v2\/types\/page"}],"author":[{"embeddable":true,"href":"https:\/\/center-cleanride.fr\/index.php?rest_route=\/wp\/v2\/users\/1"}],"replies":[{"embeddable":true,"href":"https:\/\/center-cleanride.fr\/index.php?rest_route=%2Fwp%2Fv2%2Fcomments&post=169"}],"version-history":[{"count":0,"href":"https:\/\/center-cleanride.fr\/index.php?rest_route=\/wp\/v2\/pages\/169\/revisions"}],"wp:attachment":[{"href":"https:\/\/center-cleanride.fr\/index.php?rest_route=%2Fwp%2Fv2%2Fmedia&parent=169"}],"curies":[{"name":"wp","href":"https:\/\/api.w.org\/{rel}","templated":true}]}}